012?
-30435
In base 8, what is -26 - -635436?
635410
In base 11, what is -505a835 + -2?
-505a837
In base 4, what is -100022 - -3102112?
3002030
In base 4, what is -31 - -1303102021?
1303101330
In base 14, what is -3 + -425711?
-425714
In base 13, what is -193b + 461ca?
4458c
In base 10, what is 38177 - 47609?
-9432
In base 3, what is -1022010122 + 1021112?
-1020212010
In base 2, what is 10001001101110000111011111 + 11?
10001001101110000111100010
In base 5, what is -321222 + -4300342?
-10122114
In base 14, what is -237 - -b4c0?
b287
In base 4, what is 1310011332 + 330?
1310012322
In base 6, what is 15040 + 11534451?
11553531
In base 15, what is 3be - -2893?
2c62
In base 9, what is 228425 - 1447?
226867
In base 14, what is 1585b + -1d?
1583c
In base 4, what is -23133 + -3121300?
-3211033
In base 7, what is -610055446 + -2?
-610055451
In base 11, what is 29a979 - 8?
29a971
In base 15, what is 2 + -18cda0e?
-18cda0c
In base 6, what is -154 + 1241333151?
1241332553
In base 9, what is -4 - 8470637?
-8470642
In base 2, what is 0 - 1010011111000010111100001?
-1010011111000010111100001
In base 6, what is 4001251 + 124?
4001415
In base 15, what is -284d9d - -d?
-284d90
In base 8, what is -621 + 14564?
13743
In base 14, what is 1225 - -b936?
cb5b
In base 2, what is -1111010010000010100 - 1111?
-1111010010000100011
In base 11, what is -74 - 2875470?
-2875534
In base 11, what is -5 - 1780262?
-1780267
In base 15, what is 4 - -291cdd?
291ce2
In base 6, what is -125555 + -12220?
-142215
In base 11, what is -2 - -25a7847?
25a7845
In base 10, what is 194357122 - -3?
194357125
In base 6, what is -152 - -31125230?
31125034
In base 16, what is 1122 - 18c2c?
-17b0a
In base 7, what is -634061316 - 5?
-634061324
In base 11, what is -150 + 15155?
15005
In base 7, what is -1 + -6330332256?
-6330332260
In base 15, what is c - 178aac?
-178aa0
In base 11, what is 161796 - -53?
161839
In base 11, what is 9 + -314625?
-314617
In base 7, what is -140551 - -1346?
-136202
In base 4, what is -131 + -312130?
-312321
In base 7, what is 4130 + -2116?
2011
In base 3, what is 1210 + -1110020110010?
-1110020101100
In base 4, what is -11133233002320 + 112?
-11133233002202
In base 6, what is 535005242 - -2?
535005244
In base 10, what is 2307 + -16785?
-14478
In base 14, what is -4 + 9972773?
997276d
In base 8, what is 12707564 - 65?
12707477
In base 14, what is -4acb - -37a?
-4751
In base 11, what is -48 - -3486832?
3486795
In base 10, what is 127538611 + -2?
127538609
In base 9, what is -486222 - -1201?
-485021
In base 10, what is -20059 + -37?
-20096
In base 6, what is 25512323 - 13?
25512310
In base 16, what is -2a + -ad9df?
-ada09
In base 4, what is 11330200 + -22120?
11302020
In base 3, what is 202012000 + -1012000?
201000000
In base 7, what is 1343133 + -110?
1343023
In base 3, what is -1200 - -121222101102?
121222022202
In base 15, what is c9 - 31e2e?
-31d55
In base 9, what is -1 + 3120605?
3120604
In base 8, what is -34033102 + 0?
-34033102
In base 4, what is 311032013322 + -10?
311032013312
In base 4, what is 123 + 100230123011?
100230123200
In base 11, what is 1 + -9313763?
-9313762
In base 15, what is -e820 - -3b?
-e7d4
In base 6, what is -230431515 - 0?
-230431515
In base 5, what is 1410100002 + 24?
1410100031
In base 12, what is 4 + -9576a67?
-9576a63
In base 15, what is -31ac7cd + 2?
-31ac7cb
In base 10, what is 38 + -597609?
-597571
In base 8, what is -76201 - 102?
-76303
In base 6, what is -353041 - -11020?
-342021
In base 2, what is -110 + 101111101011110110011101?
101111101011110110010111
In base 12, what is 4256 + -5a2?
3874
In base 8, what is 1771 - -620251?
622242
In base 8, what is -45126 - 1424?
-46552
In base 7, what is -462 + 142262?
141500
In base 6, what is -1102011 + 1105?
-1100502
In base 5, what is 0 + 132020210?
132020210
In base 4, what is 21020300131 + 0?
21020300131
In base 14, what is 61326 + 17?
6133d
In base 5, what is -2 + -3303120222?
-3303120224
In base 5, what is 234 - -424220144?
424220433
In base 14, what is 6203 - 2c9?
5d18
In base 13, what is -b2 - -268961?
26887c
In base 10, what is 21469443 + -1?
21469442
In base 9, what is -113025 - 16?
-113042
In base 14, what is -b + -958283?
-958290
In base 14, what is -a9827 - 22?
-a9849
In base 13, what is 3 - 14233858?
-14233855
In base 3, what is -211102202021 + 12?
-211102202002
In base 5, what is -422223341 - -13?
-422223323
In base 14, what is -2228 + 441b2?
41d88
In base 8, what is -31045660 + 0?
-31045660
In base 2, what is 11010000101110010001011 - 111?
11010000101110010000100
In base 2, what is -11111 - 11001101010111000?
-11001101011010111
In base 9, what is 63254 - 5334?
56820
In base 15, what is ced + -12a09?
-11c0b
In base 6, what is 10424351 + -2052?
10422255
In base 9, what is 23187758 - -7?
23187766
In base 8, what is -27735 - 6635?
-36572
In base 2, what is 100 + 10011100010110101101110010?
10011100010110101101110110
In base 5, what is -12334243 - 432?
-12340230
In base 7, what is -310 - 210310?
-210620
In base 11, what is -200a29 - -a?
-200a1a
In base 13, what is 11 - -14683?
14694
In base 4, what is -1130 - -100321330?
100320200
In base 5, what is 20303440 + 233?
20304223
In base 12, what is -94a + -226a?
-2bb8
In base 9, what is -2 + 2640231?
2640228
In base 5, what is 1114021 + -20413?
1043103
In base 9, what is 7685750 - 1?
7685748
In base 9, what is 242422 + -560?
241752
In base 10, what is -3 - 9386564?
-9386567
In base 13, what is -5060aab - -4?
-5060aa7
In base 6, what is -1425 + 3343312?
3341443
In base 15, what is -7 - -6962a56?
6962a4e
In base 9, what is -223135 + 7?
-223127
In base 7, what is 352 + -341226?
-340544
In base 3, what is 1011001020122010 + -12?
1011001020121221
In base 12, what is 6174 - -2716?
888a
In base 13, what is -bb1 + -c123?
-10004
In base 8, what is -33105 + 1377?
-31506
In base 5, what is 1 + 130123340?
130123341
In base 6, what is -35440421 + -30?
-35440451
In base 2, what is 1111000001111001111110111101 + 11?
1111000001111001111111000000
In base 14, what is -16 + 742548?
742532
In base 16, what is 692ea - -31?
6931b
In base 10, what is -5 + -37231867?
-37231872
In base 3, what is -2111221 - -102112010?
100000012
In base 9, what is 3525 + 24118?
27644
In base 10, what is 0 + 12444183?
12444183
In base 13, what is -29c0 - b03?
-37c3
In base 13, what is -4 - 1a487722?
-1a487726
In base 4, what is 33122013 - 2010?
33120003
In base 6, what is 1054 + 31032041?
31033135
In base 7, what is 11422344 + -2?
11422342
In base 10, what is -467 + -53611?
-54078
In base 5, what is 12031 - -21134014?
21201100
In base 10, what is -9 + -9741440?
-9741449
In base 10, what is 27740620 - -12?
27740632
In base 13, what is -8 + 176bb70?
176bb65
In base 4, what is -1111330 - -112013001?
110301011
In base 3, what is -1220221 - 2022221?
-11020212
In base 16, what is -5a7b - 2c?
-5aa7
In base 9, what is -26440756 + -4?
-26440761
In base 15, what is 59756e + 150?
5976be
In base 14, what is -39a21d3 - 5?
-39a21d8
In base 8, what is -1 + 306555164?
306555163
In base 7, what is -106330 - 1321?
-110651
In base 16, what is 2ac - -1a26?
1cd2
In base 5, what is 1 + 234414000?
234414001
In base 5, what is -123410 - 1234231?
-1413141
In base 4, what is -122 + -121312031302?
-121312032030
In base 9, what is 54657 - 158?
54488
In base 16, what is 5c + 2f49ba?
2f4a16
In base 7, what is -3656 + -16335?
-23324
In base 7, what is 1226162 - 342?
1225520
In base 12, what is -73 + -41319?
-41390
In base 9, what is 55 + -12316746?
-12316681
In base 10, what is 1 + 61626101?
61626102
In base 7, what is 255635465 - 22?
255635443
In base 6, what is 23 + -100313301?
-100313234
In base 9, what is 1 - 1832485?
-1832484
In base 11, what is -3 + 5165996?
5165993
In base 11, what is -33781 + -178?
-33949
In base 8, what is -532 - -3775313?
3774561
In base 10, what is -1026 + -219?
-1245
In base 10, what is 2818 + 9526?
12344
In base 15, what is b5140 - -36?
b5176
In base 2, what is 10000011001 - 10011111010011001110?
-10011111000010110101
In base 10, what is 3 - -2084023?
2084026
In base 11, what is -4 + 14166a10?
14166a07
In base 2, what is 10101111100101010001 - 100010?
10101111100100101111
In base 4, what is -200303331122 - 0?
-200303331122
In base 12, what is 0 + 94b445?
94b445
In base 15, wh